vided by 52?
50
Suppose 3*c - 443 = -3*h + 316, 5*h + 259 = c. Calculate the remainder when 896 is divided by c.
134
Suppose -505*f + 509*f - 1424 = 0. Let r = f + -288. Let c = 35 + -17. What is the remainder when r is divided by c?
14
Let x be 2 + -2 + 0 - 380 - -2. Let l = 452 + x. Calculate the remainder when l is divided by 33.
8
Let d = 429 + -467. Let u(k) = -5*k - 178. Calculate the remainder when 236 is divided by u(d).
8
Suppose -15*o - 5*o = -40. Suppose 0 = i - 6*i + 10. Suppose i*t = -3*q - 0*q + 43, -q - o*t = -9. What is the remainder when 44 is divided by q?
10
Suppose -11*z = -2*z + 5*z - 4046. Calculate the remainder when 306 is divided by z.
17
Suppose -2*k - 1688 + 1936 = 0. Suppose 10*c = 5*c, 3*d - 2*c - 342 = 0. What is the remainder when d is divided by 38/(-57) - k/(-6)?
14
Suppose 16*m = z + 11*m + 254, 268 = -z - 2*m. What is the remainder when (-7304)/z - 1/(-3) is divided by 4*(-1 - (-5)/1)?
12
Suppose 5*j + 3*z - 1561 = 0, -3*z + 556 + 63 = 2*j. Let a = j - 240. What is the remainder when a is divided by 10?
4
Let x = 346 - 310. Suppose 2*w - 5*h - x = -0*w, -40 = -4*w + 2*h. Calculate the remainder when 62 is divided by w.
6
Suppose 4*q - k - 360 = 0, -3*q - 2*k + 6*k + 257 = 0. Let y = 188 - q. Let t = -38 + y. What is the remainder when t is divided by 12?
11
Suppose 0 = 3*j + 4*w - 6830, 2*w = -j + 2*j - 2260. Suppose 26*v - j = 148. What is the remainder when v is divided by 33?
27
Suppose 0 = 120*c - 137*c + 901. Let w(u) = -5*u - 6. Calculate the remainder when c is divided by w(-7).
24
Suppose 4*s - 26055 = -13119. Calculate the remainder when s is divided by 3.
0
Let o be (-4)/(-26) + 908/13. Let m = o + 274. Suppose -4*v + m = b - 2*b, -20 = -5*b. Calculate the remainder when v is divided by 18.
15
Suppose -7*p + 28 = -2716. Suppose 20 = -5*a, 8*u - 5*a - p = 4*u. What is the remainder when u is divided by 32?
29
Suppose 1891 = -22*d + 5829. Suppose s = 2*g - 75, -3*g - 5*s - 53 = -146. Calculate the remainder when d is divided by g.
35
Let h = -2586 - -3881. What is the remainder when h is divided by 27?
26
Suppose -71*c + 7393 + 1198 = 0. What is the remainder when 125 is divided by c?
4
Let t(a) = -4*a + 2. Let p be t(6). Calculate the remainder when 151 is divided by 1 + p/14 - 1107/(-63).
15
Suppose 2021 + 91 = 3*x. Let v = 713 - x. What is the remainder when 53 is divided by v?
8
Suppose -194*n = -197*n - 12. Let u(z) = -4*z**3 - 2*z**2 - 13. Calculate the remainder when u(n) is divided by 36.
31
Let i be 7/((-196)/(-344)) - (-6)/(-21). Suppose c = 4*c + i. What is the remainder when 9/6*c/(-8)*16 is divided by 2?
0
Suppose -8562*r + 350 = -8557*r. Calculate the remainder when r is divided by (-10 - -12)/(2/11).
4
Let d = 246 - 241. Suppose 0 = 5*w + 4*i - 91, -d*i - 81 = -36*w + 32*w. What is the remainder when 853 is divided by w?
17
Let x = 10696 - 9451. What is the remainder when x is divided by 13?
10
Suppose 205 = 4*h - 4*i - 127, -i + 1617 = 19*h. Suppose 5*f - 5*c = 2925, 3*c = -5*f + 2208 + 757. Calculate the remainder when f is divided by h.
80
Suppose 0 = d + 2*d + 120. Let a = d + 61. Suppose 499*n - 119*n = -91*n - 4*n + 29450. Calculate the remainder when n is divided by a.
20
Let m = -1800 - -1805. Calculate the remainder when 149 is divided by m.
4
Suppose 109 - 55 = 3*t. Suppose 66 = 3*v - 0*v. Suppose -o - v + 86 = 0. Calculate the remainder when o is divided by t.
10
Let w be ((-19016)/(-11))/(-8) + (-1)/(-11). What is the remainder when (-2 - 922/(-8))/((-162)/w) is divided by 22?
19
Let x(k) = -583 - 3*k**3 + 585 + k**3 - 3*k**2. Let u be (-4)/(-6) - 11/3. Calculate the remainder when 57 is divided by x(u).
28
Let a = -2434 - -3331. What is the remainder when a is divided by 38?
23
Let g(a) be the third derivative of a**5/60 - 5*a**4/24 - 5*a**3/3 + 3*a**2 + 346. Let c = 2 + 6. Calculate the remainder when 54 is divided by g(c).
12
Let l = -11 - -16. Suppose 0 = 7*h - 15*h + 216. Suppose -h = -4*a - 3*t, -a + l*t + 33 = a. Calculate the remainder when 53 is divided by a.
8
Let y(w) = -13*w + 1. Let f be y(-1). What is the remainder when 14*(3/(-9) - (-39)/9) is divided by (f/(-3))/7 + 118/6?
18
Let k(m) = -m + 16. Let c be k(12). Let b(g) = 6*g**2 + 13*g - 4. Suppose 120 = 3*q - 27. Calculate the remainder when b(c) is divided by q.
46
Calculate the remainder when 581 + ((-482)/(-54) - (-30)/405) is divided by 29.
10
Suppose 3*v - 18*k + 22*k - 6476 = 0, 5*k = -3*v + 6475. What is the remainder when v is divided by 23?
21
Let l(i) = -i**3 + 7*i**2 + 8*i - 56. Let z be l(7). Suppose 2*y - 4*v + 5*v = 1009, z = -2*y + 3*v + 1005. Calculate the remainder when y is divided by 22.
20
Let r(t) = 4*t**2 + 116*t + 950. Calculate the remainder when 563 is divided by r(-19).
183
Suppose -344 = -3*w + 2*u, 3*w - w + u = 234. Suppose 0 = -4*h + f + w, -f + 13 + 51 = 2*h. Calculate the remainder when h is divided by 5.
0
Let w(v) = -v**3 - 4*v**2 + 2*v + 2. Suppose 2*h = 5*n - 376, 3*n = -5*h + 83 + 155. Suppose -14 = -10*d + n. What is the remainder when w(-5) is divided by d?
8
Let v = 2530 - 2441. Calculate the remainder when 291 is divided by v.
24
Let k(m) = -21*m - 3. Calculate the remainder when k(-6) is divided by 150/(-4)*(-798)/1197.
23
Let o(b) = -9*b + 604. Let z be o(0). Suppose z = 3*u - 5*f, 3*u - u - 3*f - 401 = 0. Suppose -213 = -14*p + u. Calculate the remainder when p is divided by 12.
5
Let c be (-5)/(5*(-3)/18). Suppose c*f = 2*f + 2*b + 1852, 1840 = 4*f - 5*b. Calculate the remainder when f is divided by 36.
33
Let u(w) be the second derivative of -w**5/20 - 2*w**4/3 + 29*w**3/6 + 35*w**2 + 65*w. Calculate the remainder when u(-11) is divided by 13.
10
Let r(c) = c**3 + 9*c - 7. Let o be r(-5). Let k = 425 + o. What is the remainder when (k/16)/(1/2) is divided by 9?
4
Calculate the remainder when 902496/1360 - 6/10 is divided by 93.
12
Suppose -15*h + 36 = -9*h. Suppose -h = -j + 4*l - 2, -l = 5*j + 43. Calculate the remainder when 23 is divided by 10 + j/(8/2).
7
Let g(x) = -4*x**3 - 3*x**2 - 2*x + 2. Let k be (6/(-8))/(-1 - 15/(-20)). Let u be k*(6/(-9) + 0). What is the remainder when 76 is divided by g(u)?
24
Calculate the remainder when 212*5 + (49 - 30) is divided by 135.
134
What is the remainder when 1571 is divided by ((-360)/(-240))/((-1)/(-30))?
41
Let w(n) = 2*n**3 + 41*n**2 + 21*n - 9. What is the remainder when w(-8) is divided by 21?
16
Suppose -9*y + 4136 = 35*y. What is the remainder when 202 is divided by y?
14
Let l(y) = 18*y**2 + y - 5. Let d be l(2). Let z(k) = k**3 - 6*k**2 - 19*k + 71. Let q be z(7). Let m = d + q. What is the remainder when m is divided by 10?
6
Suppose -5*j = -3*h - 5 - 47, 4*j - 39 = 5*h. Suppose 0 = -2*f + j*f + 162. Calculate the remainder when 101 is divided by 2 - 12/4 - f.
16
Suppose -2*g + 52 = 4*i, -2*i - 6*g + 22 = -4*g. Calculate the remainder when 1217 is divided by i.
2
Suppose 6*w - 132 = 9*w. Let n = 51 + w. Let c(q) = 4*q - 6. Calculate the remainder when c(n) is divided by 6.
4
Let c be (-4)/(-3)*(-63)/(-14). Suppose -5 = -3*a + 10. What is the remainder when c/(21/(-9) + 3) is divided by a?
4
Suppose -8*d = -0*d - 32. Suppose d*j - 2*v - 9 = j, 2*v = 4*j - 14. Calculate the remainder when 11 is divided by j.
1
Calculate the remainder when (-680)/180 - -4 - (-4449)/27 is divided by 19.
13
Suppose 96 = 3*c - 3*r, 74 + 188 = 8*c - 2*r. Suppose 6*p - 279 = 3*p. What is the remainder when p is divided by c?
27
Let z(p) be the third derivative of -7*p**4/12 - 17*p**3/2 - 103*p**2. Calculate the remainder when z(-7) is divided by 13.
8
Suppose -38*v - 792 = -7214. Calculate the remainder when 2703 is divided by v.
168
Let k be 3 - (-23*5 + 4). Suppose 0 = -4*a - 3*q + 61 + 84, -3*a + k = 4*q. Let p = -15 + a. What is the remainder when 74 is divided by p?
17
Suppose 1865*i - 1853*i = 8052. What is the remainder when i is divided by 69?
50
Suppose -2*z + 5*z = 5*a - 99, -5*a - 167 = 4*z. Let k = 43 + z. Suppose -k*g + 59 + 111 = 0. Calculate the remainder when g is divided by 18.
16
Let a(c) = 2*c**2 + 6*c - 9. Suppose 3*u = b + 22 + 16, 0 = 5*b - 5. Suppose 0 = -2*g + 1 - u. What is the remainder when a(g) is divided by 7?
6
Let h(f) = -f**2 - 81*f - 1513. Calculate the remainder when 921 is divided by h(-44).
1